
1
Evaluate -9 + 8 + (-2 - -11) + 4 + -3.
9
Evaluate (-4 + 2 - 21) + 3 + (24 - 23).
-19
32 - (17 - 1 - -16)
0
Calculate 11 + 0 - (-26 - -25 - 4).
16
Evaluate 12 + -16 + (16 - (-9 - -16) - 0).
5
What is -8 + (-2 + -1 - (-2 - -1))?
-10
Calculate 2 + -9 + (-34 - -37 - (-1 - 11)).
8
What is 2 + -13 + -73 + 69?
-15
What is -44 - (13 + -8 + -27)?
-22
What is (-15 - 7) + 28 + (-3 - -2) + 7?
12
Calculate -3 + (7 - -2) + -13 - (1 + 6).
-14
What is 35 + (-24 - -5) - 45?
-29
Evaluate 10 + -12 + (-35 - -13).
-24
Calculate -2 - 21 - (-76 + 59).
-6
What is the value of -20 + 19 + -13 + 3?
-11
Evaluate (-18 - -6) + 1 + 1 - (1 + -2).
-9
-2 - (18 + (-13 - 10))
3
191 - 162 - (-3 + 14)
18
What is the value of 27 + -15 + -2 - (1 + 3) - 8?
-2
-5 - ((13 - 3) + 0) - -7
-8
Calculate 300 - 280 - (-2 - 8).
30
Calculate (12 - -8) + (15 + -10 - (6 + 2)).
17
What is 4 + 5 + 12 - 47?
-26
2 - (1 + 1 - (272 + -261))
11
Calculate -11 + (1 - 2 - -23).
11
Evaluate -2210 - -2201 - ((-1 - 16) + 1).
7
What is the value of -11 - (-11 + (32 - (-12 - -19)))?
-25
Evaluate -18 - -30 - 28 - -19.
3
Evaluate (-9 - -9 - -4) + -13 + 10.
1
What is the value of 1 + (7 - -7) + (-13 - -8)?
10
What is the value of -26 + 38 - -24 - 18?
18
What is -6 - (7 - 26) - 0 - 20?
-7
What is (2 - -1) + -13 + (-7 - (-13 + -6))?
2
Calculate (-27 - (-43 - -31)) + 5.
-10
Calculate 0 - (11 - 4) - (109 - 106).
-10
Calculate (-24 - (13 + -24)) + 33.
20
-14 - (-3 + 6) - (6 + -15)
-8
What is (1 - -13) + 1 - 5?
10
What is the value of -25 - (5 + -8 + 4)?
-26
Evaluate 11 - (-2 - -28) - -3.
-12
What is the value of -35 - -2 - (562 - 583)?
-12
What is -12 + -1 + (-47 - -48) - (-1 - -1)?
-12
Calculate 7 + ((-3 - -11) + -11 - (1 - -5)).
-2
Calculate -22 + 37 + (8 - 19).
4
What is -1 + -10 - (-6 + -11 - -21)?
-15
Evaluate (-2 + -10 - (-1 + 37)) + (-1 - -13).
-36
What is (4 - (32 + -3)) + (0 + 13 - 6)?
-18
Calculate -12 - (14 + -6 + -9).
-11
Evaluate -14 - (-18 + 6) - (-9 - (-19 + -1)).
-13
What is the value of (-12 - -13) + -4 + -12 + (4 - 3)?
-14
Evaluate (-11 - ((10 - -3) + -22)) + -24.
-26
Calculate 5 - -8 - 16 - (2 - (7 - -2)).
4
What is the value of -10 - (6 - 7) - (-1 + -26 - 5)?
23
What is the value of -2 + 13 - (-894 + 897)?
8
Calculate -1 + (-6 - (1 + -1)) + 0 + -7.
-14
Calculate -35 - (-9 + -19 + 3).
-10
What is the value of (-14 + 35 - (14 + -3 + -1)) + 2?
13
What is (1 - (0 - (-12 - -2 - -19))) + 9?
19
Evaluate -7 + (-4 - -8) - -9 - -6.
12
What is (18 + 56 - 68) + 1 + -26 + -1?
-20
What is the value of 266 + -269 - (-6 + (-1 - 1))?
5
(7 - 7 - -2 - 7) + (9 - -1)
5
What is 18 + (8 - 18) + -18?
-10
Evaluate 4 + -16 + 8 + -5 + 3 + 6.
0
What is the value of (10 - (-12 + 28)) + (0 - 7) - 2?
-15
Calculate -4 - (8 + -56 + 22).
22
Evaluate -17 - (13 + (-30 - -15)).
-15
Evaluate (-5 - (5 - (16 - (4 - 6)))) + 3.
11
What is the value of -1 - 9 - (3 + -2 + -9)?
-2
What is the value of 12 + -6 + 5 + -9?
2
-38 + 20 + 21 - (-25 + -7)
35
Calculate 2 - -1 - (28 + -18 + -33).
26
Evaluate -21 - ((-43 - 5) + 10).
17
What is the value of -77 + 53 - (-2 + 1 + 5)?
-28
What is the value of -45 - (-25 - 3) - -11?
-6
Evaluate 14 - ((-17 - -16) + -4) - 9.
10
What is -27 + -5 + 58 + -23?
3
31 + (13 - 43) + 14 + 0 - -2
17
What is the value of -14 + (-9 + (0 - -1) - (241 - 247))?
-16
What is the value of -71 - -9 - (60 - 101)?
-21
What is -2 + ((-11 - -14) + -11 - (1 + -4))?
-7
Evaluate (4 - 6) + 8 + 0 - 11.
-5
Evaluate -1 + -23 + 12 + -14 - 2.
-28
What is the value of (68 - 68) + -4 + -1 - -18?
13
What is 4 + (-9 - ((-5 - -14 - 3) + -11))?
0
Evaluate 3 - (-9 + -23 - -17).
18
What is -3 + 17 + (363 - 363)?
14
Calculate -3 + (-4 - (-2 - -4 - 17)) + -5.
3
What is -2 + (-4 - (-16 - (2 - 6)))?
6
(18 + -15 - -15) + (1 - 11)
8
7 - (-1 + (10 - -3) - (-11 + 9))
-7
(10 - 9) + -11 + (4 - (0 + -1))
-5
Calculate -6 + 21 + -21 - (0 - -4).
-10
What is the value of -11 - ((15 - 31) + 13)?
-8
Calculate -33 - (37 + -14 + -71).
15
Calculate 27 + 0 + -20 + 11.
18
Calculate (-5 - (4 + -8 - 1)) + (-7 - -2).
-5
What is -3 + (4 + -6 + 34 - (11 + -3))?
21
Evaluate -13 - (-17 + 5) - -5 - (1 + -7).
10
-13 + (0 - (0 - 6))
-7
Calculate -93 - -91 - (3 - 0 - 2) - 7.
-10
What is 13 - (-1 + -2 + 12) - -18?
22
Evaluate -7 + 25 + -6 - 23.
-11
What is the value of -13 + (3 - -2 - (-2 - 5 - -8))?
-9
(-15 - (-2 - (-9 + 16))) + -1
-7
(4 - 0 - -4) + (1 - (13 - 8))
4
What is the value of (17 - (6 - 3)) + 152 + -145?
21
What is the value of 262 + -306 + (12 - 1)?
-33
-6 + -10 - (-15 + 10)
-11
Calculate -28 + 30 + (-15 - -11) + 1 + 3.
2
What is -3 - (-1 + (-6 - 8))?
12
40 + 12 - 62 - (14 + 0)
-24
-4 + -7 + 26 + 25 + -13
27
Calculate (-3 - (7 + -19)) + -3 + (6 - 0).
12
What is -44 - (32 + -64) - (-1 + (-9 - 0))?
-2
Calculate 16 - (9 + -32 - -30).
9
Evaluate (4 - 4) + (-4 - 4) + 4.
-4
Evaluate -16 - (-9 + -1 + (-11 - -23)).
-18
Evaluate 3 + 30 + (5 - 22).
16
Calculate -54 + 4 + (463 - 440).
-27
Calculate 3 + (-24 + 3 - 3) + 100 + -108.
-29
What is (-1 - -10) + 1 + (28 - (-26 + 55))?
9
Calculate 16 - 8 - ((19 - 13) + 21).
-19
Evaluate -5 + 31 + -26 - (-21 + -3).
24
What is 19 + -32 + (37 - -7)?
31
(1 - 0 - 3) + (-70 - (-24 + -44))
-4
What is the value of -8 + (24 - 24) - (-2 + -6)?
0
Evaluate (-15 - -15) + 14 + -7 + 4 + 14.
25
Evaluate -24 + 7 + -3 + 25.
5
-4 + -7 + (6 - (6 + 3))
-14
Evaluate -103 + 93 + 13 + -5 + 0.
-2
What is the value of 2 + 3 + (-14 - (15 + -32))?
8
Evaluate (6 - -3) + (3 - 14) + -9 + 3.
-8
15 - ((-5 - -15) + -9 + (0 - 0))
14
Evaluate (4 - 1) + (14 - (7 + -2 + -6)).
18
What is 263 + -251 + -2 + 2?
12
4 + -12 + -31 - (5 - 7)
-37
14 + -21 - (1 - 6 - (5 - 7))
-4
What is the value of 5 + 2 - (18 + -6) - (1 - -7)?
-13
What is the value of 0 + 25 - (-319 - -364)?
-20
(-11 - -2 - -3) + 14 + -11
-3
Calculate -2 + 17 + -8 + 3.
10
2 - (13 + (14 - 14))
-11
What is the value of -8 - 13 - (-57 - -4)?
32
-7 + -2 + -16 + 47 + 1
23
Evaluate -9 - (24 + -8 + -3 - 8).
-14
11 + -1 - (-19 + 34) - -4
-1
Evaluate 7 + (4 - (12 - 11)) + -19.
-9
-59 + 18 - 11 - -31
-21
Calculate -11 + 7 - (9 + -13 - 7).
7
What is the value of 9 + -1 - (-68 + 61)?
15
What is the value of (-7 - -9) + -4 + 11 + -15?
-6
What is the value of 371 + -372 - (-1 - (0 - -13))?
13
-8 - (-18 - (1 + -4))
7
Calculate (48 - 4) + -2 + (-8 - 11) + 9.
32
Evaluate -24 - (-25 + 27) - (5 + -2 + -2).
-27
Evaluate 13 + -53 + 11 + 53.
24
Evaluate 79 + -78 + 2 + -10.
-7
What is (-1 + -13 - -34 - 14) + -27?
-21
Calculate -7 - 1 - (-13 - (-23 + 15)).
-3
Calculate (-83 - -76) + (4 - (-6 - (0 + 0))).
3
What is -29 - (-40 - -69) - -45?
-13
What is the value of -21 - -12 - -9 - (1 - 13)?
12
What is 10 + 0 + -2 + (-57 - -56)?
7
What is the value of (-14 - -15) + -20 + 1 + 9?
-9
Evaluate (-1 - 12 - -20) + 0.
7
What is the value of (-5 - -4) + 7 - (-8 - (-31 + -11))?
-28
What is the value of 3 - ((13 - (-3 - -8)) + -5)?
0
What is -3 - 0 - ((1 - 1) + (11 - -3))?
-17
Calculate (-1 - (-18 - -32)) + 40 + -1.
24
Evaluate -39 - -47 - (40 + -1) - -9.
-22
Calculate 23 + 1 + -9 + -2 - -4.
17
1 + -33 - (13 - (11 - (-7 + 1)))
-28
(-15 - -4) + (-33 - -37)
-7
Calculate 10 - (5 + -9 - 12 - -5).
21
Calculate 18 + (22 - (-3 - -31)).
12
What is the value of 12 + -4 - (19 - 4)?
-7
Calculate (7 - -3) + (2 - 0) + -11.
1
-10 + (6 + 4 - 17) + 16 + 18
17
Calculate 8 - (0 - (-12 + 13)).
9
Evaluate (-5 - (-4 + -16)) + -24 - -38.
29
Evaluate -2 + (0 - 1) + -4 + 17 + 6.
16
749 - 751 - (2 + -5)
1
Evaluate 1 + -2 + (-15 - (-33 - -12)) - 5.
0
3 + 1 + -4 - (50 - 25)
-25
Evaluate -1 + -1 + (1 - -5) + -26 + 37.
15
Calculate -5 + 4 + -6 - -4 - (-20 + 5).
12
19 + (0 - 8 - -3 - 3)
11
Evaluate -4 + 4 + (21 - (3 + -2 + 7)).
13
What is -42 - (-13 + -26 + 13)?
-16
22 + (16 - 10) + -19
9
0 + -14 - (2 - -6) - -5
-17
Calculate (-14 - 2 - -13) + -9 + 34.
22
What is (11 + 1 + -2 - (-450 - -448)) + -36?
-24
0 + -7 - -2 - (5 + 2)
-12
What is the value of -9 + 2 - (13 - 12) - -16?
8
Evaluate -4 + 2 + 0 - (-7 - 1 - -7).
-1
Evaluate -8 - (-19 - -12) - -12 - -1.
12
9 - 0 - ((-42 - -12) + 15)
24
Evaluate (-435 - -449) + (7 - 2).
19
Calculate 40 + -44 - (13 + (4 - 6)).
-15
What is 129 + -111 - (-2 + 3)?
17
What is 0 + 1 + -19 + 14 + -3?
-7
Evaluate (2 - (20 - 11)) + (6 + -1 - 28).
-30
What is (10 - -10) + -1 - 10?
9
Calculate 3 + 21 + -8 - (11 - (0 - -3)).
8
What is the value of 6 - 8 - 